{"id":120035,"date":"2022-09-30T16:21:29","date_gmt":"2022-09-30T16:21:29","guid":{"rendered":"https:\/\/same-group.com\/unser-team\/"},"modified":"2025-05-15T07:00:57","modified_gmt":"2025-05-15T07:00:57","slug":"unser-team","status":"publish","type":"page","link":"https:\/\/same-group.com\/de\/unser-team\/","title":{"rendered":"Unser Team"},"content":{"rendered":"<div class=\"wpb-content-wrapper\"><p>[vc_row row_height_percent=&#8220;0&#8243; override_padding=&#8220;yes&#8220; h_padding=&#8220;2&#8243; top_padding=&#8220;3&#8243; bottom_padding=&#8220;7&#8243; overlay_alpha=&#8220;50&#8243; gutter_size=&#8220;4&#8243; column_width_percent=&#8220;100&#8243; shift_y=&#8220;0&#8243; z_index=&#8220;0&#8243; uncode_shortcode_id=&#8220;131033&#8243;][vc_column width=&#8220;3\/12&#8243;][vc_custom_heading heading_semantic=&#8220;h1&#8243; text_font=&#8220;font-136269&#8243; text_size=&#8220;h1&#8243; uncode_shortcode_id=&#8220;828216&#8243;]TEAM[\/vc_custom_heading][\/vc_column][vc_column width=&#8220;6\/12&#8243;][vc_column_text uncode_shortcode_id=&#8220;121385&#8243;]Wir arbeiten eng mit einem Team von sorgf\u00e4ltig ausgew\u00e4hlten Fachleuten zusammen, in die wir volles Vertrauen haben.[\/vc_column_text][\/vc_column][vc_column width=&#8220;3\/12&#8243;][\/vc_column][\/vc_row][vc_row row_height_percent=&#8220;0&#8243; override_padding=&#8220;yes&#8220; h_padding=&#8220;2&#8243; top_padding=&#8220;3&#8243; bottom_padding=&#8220;7&#8243; overlay_alpha=&#8220;50&#8243; gutter_size=&#8220;4&#8243; column_width_percent=&#8220;100&#8243; shift_y=&#8220;0&#8243; z_index=&#8220;0&#8243; uncode_shortcode_id=&#8220;131033&#8243;][vc_column width=&#8220;3\/12&#8243;][vc_custom_heading uncode_shortcode_id=&#8220;367420&#8243;]Paul Imhof[\/vc_custom_heading][\/vc_column][vc_column width=&#8220;6\/12&#8243;][vc_column_text uncode_shortcode_id=&#8220;894341&#8243;]<span class=\"font-134512\">Paul Imhof tritt \u201esame group\u201c als Partner bei. Kickflip, Backflip, Hardflip, Fakie 540\u00b0 &#8211; dies sind nur einige Beispiele f\u00fcr &#8222;Tricks&#8220;, die in Paul Imhofs Sprache nicht mehr unbekannt sind.<\/span> <span class=\"font-134512\">Nach mehr als vier Jahren treuer Dienste im f\u00fchrenden Unternehmen f\u00fcr Actionsport im Zentralwallis, insbesondere als Direktor, entschied sich Paul Imhof, seine T\u00e4tigkeit zu wechseln und sich auf das Management von Sportlern zu spezialisieren, die sich auf Urban Sports spezialisiert haben.<\/span>[\/vc_column_text][\/vc_column][vc_column width=&#8220;3\/12&#8243;][vc_single_image media=&#8220;118057&#8243; media_width_percent=&#8220;100&#8243; uncode_shortcode_id=&#8220;912132&#8243;][\/vc_column][\/vc_row][vc_row row_height_percent=&#8220;0&#8243; override_padding=&#8220;yes&#8220; h_padding=&#8220;2&#8243; top_padding=&#8220;3&#8243; bottom_padding=&#8220;7&#8243; overlay_alpha=&#8220;50&#8243; gutter_size=&#8220;4&#8243; column_width_percent=&#8220;100&#8243; shift_y=&#8220;0&#8243; z_index=&#8220;0&#8243; uncode_shortcode_id=&#8220;131033&#8243;][vc_column width=&#8220;3\/12&#8243;][vc_custom_heading uncode_shortcode_id=&#8220;466895&#8243;]Nicolas Planchard[\/vc_custom_heading][\/vc_column][vc_column width=&#8220;6\/12&#8243;][vc_column_text uncode_shortcode_id=&#8220;211652&#8243;]<span class=\"font-134512\">Der Beitritt zu \u201eSame Group\u201c war f\u00fcr ihn eine naheliegende Entscheidung. Durch seine akademische Erfahrung, sein Wissen \u00fcber die US-Regierung und seine vierj\u00e4hrige Teilnahme an Sportwettk\u00e4mpfen in den USA hat er die n\u00f6tige Erfahrung, um jungen Sportlern zu helfen, hervorragende Studenten zu werden und gleichzeitig ihre Entwicklung als Athleten fortzusetzen. Seine Rolle im Unternehmen wird darin bestehen, f\u00fcr jeden Sportler eine Universit\u00e4t zu finden, aber vor allem die beste Universit\u00e4t basierend auf dem Profil des Sportlers zu ermitteln. Sein ultimativer Wunsch ist es, aktiv dazu beizutragen, dass der Traum jedes jungen Athleten, der sich an uns wendet, Realit\u00e4t wird, und somit den ersten wichtigen Schritt in ihrer sportlichen und beruflichen Entfaltung zu erm\u00f6glichen.<\/span>[\/vc_column_text][\/vc_column][vc_column width=&#8220;3\/12&#8243;][vc_single_image media=&#8220;118333&#8243; media_width_percent=&#8220;100&#8243; uncode_shortcode_id=&#8220;474270&#8243;][\/vc_column][\/vc_row][vc_row row_height_percent=&#8220;0&#8243; override_padding=&#8220;yes&#8220; h_padding=&#8220;2&#8243; top_padding=&#8220;3&#8243; bottom_padding=&#8220;7&#8243; overlay_alpha=&#8220;50&#8243; gutter_size=&#8220;4&#8243; column_width_percent=&#8220;100&#8243; shift_y=&#8220;0&#8243; z_index=&#8220;0&#8243; uncode_shortcode_id=&#8220;131033&#8243;][vc_column width=&#8220;3\/12&#8243;][vc_custom_heading uncode_shortcode_id=&#8220;200665&#8243;]Youri Cansell[\/vc_custom_heading][\/vc_column][vc_column width=&#8220;6\/12&#8243;][vc_column_text uncode_shortcode_id=&#8220;210620&#8243;]<\/p>\n<div dir=\"ltr\">\n<p><span class=\"font-134512\">Youri Cansell wurde 1987 in Metz, Frankreich, geboren und hat seitdem Hunderte von Wandmalereien in \u00fcber 24 L\u00e4ndern und auf vier Kontinenten geschaffen, um internationale Anerkennung zu erlangen.<\/span><\/p>\n<\/div>\n<div dir=\"ltr\">\n<p><span class=\"font-134512\">Im Jahr 2023 zog er nach Crans-Montana und schloss sich der Same Group als internationaler Kunstberater an.<\/span><\/p>\n<\/div>\n<div dir=\"ltr\">\n<p><span class=\"font-134512\">&#8222;Es ist mir eine Freude, meine 15-j\u00e4hrige Erfahrung in den Dienst der Same Group zu stellen, um die Projekte der Gruppe im Kunstbereich bestm\u00f6glich zu leiten. Es ist auch eine Ehre, ein junges Walliser Unternehmen bei seiner Entfaltung zu unterst\u00fctzen, es bei seiner Projektion und Entwicklung im Ausland zu beraten und gemeinsam an der Realisierung ehrgeiziger Projekte von internationaler Bedeutung zu arbeiten.&#8220;<\/span><\/p>\n<\/div>\n<p>[\/vc_column_text][\/vc_column][vc_column width=&#8220;3\/12&#8243;][vc_single_image media=&#8220;120703&#8243; media_width_percent=&#8220;100&#8243; uncode_shortcode_id=&#8220;181398&#8243;][\/vc_column][\/vc_row][vc_row row_height_percent=&#8220;0&#8243; override_padding=&#8220;yes&#8220; h_padding=&#8220;2&#8243; top_padding=&#8220;3&#8243; bottom_padding=&#8220;7&#8243; overlay_alpha=&#8220;50&#8243; gutter_size=&#8220;4&#8243; column_width_percent=&#8220;100&#8243; shift_y=&#8220;0&#8243; z_index=&#8220;0&#8243; uncode_shortcode_id=&#8220;131033&#8243;][vc_column width=&#8220;3\/12&#8243;][vc_custom_heading uncode_shortcode_id=&#8220;385360&#8243;]Jo Vargas[\/vc_custom_heading][\/vc_column][vc_column width=&#8220;6\/12&#8243;][vc_column_text uncode_shortcode_id=&#8220;126617&#8243;]<\/p>\n<div dir=\"ltr\"><\/div>\n<div dir=\"ltr\">\n<p><span class=\"font-134512\">Jo Vargas ist ein Senior 360\u00b0 Creative Digital Producer und arbeitet f\u00fcr Werbeagenturen wie Saatchi&amp;Saatchi und M&amp;CSaatchi.<\/span><\/p>\n<\/div>\n<div dir=\"ltr\">\n<p><span class=\"font-134512\">Er arbeitet haupts\u00e4chlich mit internationalen Marken auf dem Schweizer Markt und mit Schweizer Marken bei internationalen Kampagnen zusammen.<\/span><\/p>\n<p><span class=\"font-134512\"> <\/span><\/p>\n<\/div>\n<p>[\/vc_column_text][\/vc_column][vc_column width=&#8220;3\/12&#8243;][vc_single_image media=&#8220;118462&#8243; media_width_percent=&#8220;100&#8243; uncode_shortcode_id=&#8220;192989&#8243;][\/vc_column][\/vc_row]<\/p>\n<\/div>","protected":false},"excerpt":{"rendered":"<p>[vc_row row_height_percent=&#8220;0&#8243; override_padding=&#8220;yes&#8220; h_padding=&#8220;2&#8243; top_padding=&#8220;3&#8243; bottom_padding=&#8220;7&#8243; overlay_alpha=&#8220;50&#8243; gutter_size=&#8220;4&#8243; column_width_percent=&#8220;100&#8243; shift_y=&#8220;0&#8243; z_index=&#8220;0&#8243; uncode_shortcode_id=&#8220;131033&#8243;][vc_column width=&#8220;3\/12&#8243;][vc_custom_heading heading_semantic=&#8220;h1&#8243; text_font=&#8220;font-136269&#8243; text_size=&#8220;h1&#8243; uncode_shortcode_id=&#8220;828216&#8243;]TEAM[\/vc_custom_heading][\/vc_column][vc_column width=&#8220;6\/12&#8243;][vc_column_text uncode_shortcode_id=&#8220;121385&#8243;]Wir arbeiten [&hellip;]<\/p>\n","protected":false},"author":1,"featured_media":0,"parent":0,"menu_order":0,"comment_status":"closed","ping_status":"closed","template":"","meta":{"footnotes":""},"class_list":["post-120035","page","type-page","status-publish","hentry","page_category-team-de"],"_links":{"self":[{"href":"https:\/\/same-group.com\/de\/wp-json\/wp\/v2\/pages\/120035","targetHints":{"allow":["GET"]}}],"collection":[{"href":"https:\/\/same-group.com\/de\/wp-json\/wp\/v2\/pages"}],"about":[{"href":"https:\/\/same-group.com\/de\/wp-json\/wp\/v2\/types\/page"}],"author":[{"embeddable":true,"href":"https:\/\/same-group.com\/de\/wp-json\/wp\/v2\/users\/1"}],"replies":[{"embeddable":true,"href":"https:\/\/same-group.com\/de\/wp-json\/wp\/v2\/comments?post=120035"}],"version-history":[{"count":9,"href":"https:\/\/same-group.com\/de\/wp-json\/wp\/v2\/pages\/120035\/revisions"}],"predecessor-version":[{"id":120836,"href":"https:\/\/same-group.com\/de\/wp-json\/wp\/v2\/pages\/120035\/revisions\/120836"}],"wp:attachment":[{"href":"https:\/\/same-group.com\/de\/wp-json\/wp\/v2\/media?parent=120035"}],"curies":[{"name":"wp","href":"https:\/\/api.w.org\/{rel}","templated":true}]}}

<div class="wpb-content-wrapper"><p>[vc_row row_height_percent=&#8220;0&#8243; override_padding=&#8220;yes&#8220; h_padding=&#8220;2&#8243; top_padding=&#8220;3&#8243; bottom_padding=&#8220;7&#8243; overlay_alpha=&#8220;50&#8243; gutter_size=&#8220;4&#8243; column_width_percent=&#8220;100&#8243; shift_y=&#8220;0&#8243; z_index=&#8220;0&#8243; uncode_shortcode_id=&#8220;131033&#8243;][vc_column width=&#8220;3/12&#8243;][vc_custom_heading heading_semantic=&#8220;h1&#8243; text_font=&#8220;font-136269&#8243; text_size=&#8220;h1&#8243; uncode_shortcode_id=&#8220;828216&#8243;]TEAM[/vc_custom_heading][/vc_column][vc_column width=&#8220;6/12&#8243;][vc_column_text uncode_shortcode_id=&#8220;121385&#8243;]Wir arbeiten eng mit einem Team von sorgfältig ausgewählten Fachleuten zusammen, in die wir volles Vertrauen haben.[/vc_column_text][/vc_column][vc_column width=&#8220;3/12&#8243;][/vc_column][/vc_row][vc_row row_height_percent=&#8220;0&#8243; override_padding=&#8220;yes&#8220; h_padding=&#8220;2&#8243; top_padding=&#8220;3&#8243; bottom_padding=&#8220;7&#8243; overlay_alpha=&#8220;50&#8243; gutter_size=&#8220;4&#8243; column_width_percent=&#8220;100&#8243; shift_y=&#8220;0&#8243; z_index=&#8220;0&#8243; uncode_shortcode_id=&#8220;131033&#8243;][vc_column width=&#8220;3/12&#8243;][vc_custom_heading uncode_shortcode_id=&#8220;367420&#8243;]Paul Imhof[/vc_custom_heading][/vc_column][vc_column width=&#8220;6/12&#8243;][vc_column_text uncode_shortcode_id=&#8220;894341&#8243;]<span class="font-134512">Paul Imhof tritt „same group“ als Partner bei. Kickflip, Backflip, Hardflip, Fakie 540° &#8211; dies sind nur einige Beispiele für &#8222;Tricks&#8220;, die in Paul Imhofs Sprache nicht mehr unbekannt sind.</span> <span class="font-134512">Nach mehr als vier Jahren treuer Dienste im führenden Unternehmen für Actionsport im Zentralwallis, insbesondere als Direktor, entschied sich Paul Imhof, seine Tätigkeit zu wechseln und sich auf das Management von Sportlern zu spezialisieren, die sich auf Urban Sports spezialisiert haben.</span>[/vc_column_text][/vc_column][vc_column width=&#8220;3/12&#8243;][vc_single_image media=&#8220;118057&#8243; media_width_percent=&#8220;100&#8243; uncode_shortcode_id=&#8220;912132&#8243;][/vc_column][/vc_row][vc_row row_height_percent=&#8220;0&#8243; override_padding=&#8220;yes&#8220; h_padding=&#8220;2&#8243; top_padding=&#8220;3&#8243; bottom_padding=&#8220;7&#8243; overlay_alpha=&#8220;50&#8243; gutter_size=&#8220;4&#8243; column_width_percent=&#8220;100&#8243; shift_y=&#8220;0&#8243; z_index=&#8220;0&#8243; uncode_shortcode_id=&#8220;131033&#8243;][vc_column width=&#8220;3/12&#8243;][vc_custom_heading uncode_shortcode_id=&#8220;466895&#8243;]Nicolas Planchard[/vc_custom_heading][/vc_column][vc_column width=&#8220;6/12&#8243;][vc_column_text uncode_shortcode_id=&#8220;211652&#8243;]<span class="font-134512">Der Beitritt zu „Same Group“ war für ihn eine naheliegende Entscheidung. Durch seine akademische Erfahrung, sein Wissen über die US-Regierung und seine vierjährige Teilnahme an Sportwettkämpfen in den USA hat er die nötige Erfahrung, um jungen Sportlern zu helfen, hervorragende Studenten zu werden und gleichzeitig ihre Entwicklung als Athleten fortzusetzen. Seine Rolle im Unternehmen wird darin bestehen, für jeden Sportler eine Universität zu finden, aber vor allem die beste Universität basierend auf dem Profil des Sportlers zu ermitteln. Sein ultimativer Wunsch ist es, aktiv dazu beizutragen, dass der Traum jedes jungen Athleten, der sich an uns wendet, Realität wird, und somit den ersten wichtigen Schritt in ihrer sportlichen und beruflichen Entfaltung zu ermöglichen.</span>[/vc_column_text][/vc_column][vc_column width=&#8220;3/12&#8243;][vc_single_image media=&#8220;118333&#8243; media_width_percent=&#8220;100&#8243; uncode_shortcode_id=&#8220;474270&#8243;][/vc_column][/vc_row][vc_row row_height_percent=&#8220;0&#8243; override_padding=&#8220;yes&#8220; h_padding=&#8220;2&#8243; top_padding=&#8220;3&#8243; bottom_padding=&#8220;7&#8243; overlay_alpha=&#8220;50&#8243; gutter_size=&#8220;4&#8243; column_width_percent=&#8220;100&#8243; shift_y=&#8220;0&#8243; z_index=&#8220;0&#8243; uncode_shortcode_id=&#8220;131033&#8243;][vc_column width=&#8220;3/12&#8243;][vc_custom_heading uncode_shortcode_id=&#8220;200665&#8243;]Youri Cansell[/vc_custom_heading][/vc_column][vc_column width=&#8220;6/12&#8243;][vc_column_text uncode_shortcode_id=&#8220;210620&#8243;]</p>
<div dir="ltr">
<p><span class="font-134512">Youri Cansell wurde 1987 in Metz, Frankreich, geboren und hat seitdem Hunderte von Wandmalereien in über 24 Ländern und auf vier Kontinenten geschaffen, um internationale Anerkennung zu erlangen.</span></p>
</div>
<div dir="ltr">
<p><span class="font-134512">Im Jahr 2023 zog er nach Crans-Montana und schloss sich der Same Group als internationaler Kunstberater an.</span></p>
</div>
<div dir="ltr">
<p><span class="font-134512">&#8222;Es ist mir eine Freude, meine 15-jährige Erfahrung in den Dienst der Same Group zu stellen, um die Projekte der Gruppe im Kunstbereich bestmöglich zu leiten. Es ist auch eine Ehre, ein junges Walliser Unternehmen bei seiner Entfaltung zu unterstützen, es bei seiner Projektion und Entwicklung im Ausland zu beraten und gemeinsam an der Realisierung ehrgeiziger Projekte von internationaler Bedeutung zu arbeiten.&#8220;</span></p>
</div>
<p>[/vc_column_text][/vc_column][vc_column width=&#8220;3/12&#8243;][vc_single_image media=&#8220;120703&#8243; media_width_percent=&#8220;100&#8243; uncode_shortcode_id=&#8220;181398&#8243;][/vc_column][/vc_row][vc_row row_height_percent=&#8220;0&#8243; override_padding=&#8220;yes&#8220; h_padding=&#8220;2&#8243; top_padding=&#8220;3&#8243; bottom_padding=&#8220;7&#8243; overlay_alpha=&#8220;50&#8243; gutter_size=&#8220;4&#8243; column_width_percent=&#8220;100&#8243; shift_y=&#8220;0&#8243; z_index=&#8220;0&#8243; uncode_shortcode_id=&#8220;131033&#8243;][vc_column width=&#8220;3/12&#8243;][vc_custom_heading uncode_shortcode_id=&#8220;385360&#8243;]Jo Vargas[/vc_custom_heading][/vc_column][vc_column width=&#8220;6/12&#8243;][vc_column_text uncode_shortcode_id=&#8220;126617&#8243;]</p>
<div dir="ltr"></div>
<div dir="ltr">
<p><span class="font-134512">Jo Vargas ist ein Senior 360° Creative Digital Producer und arbeitet für Werbeagenturen wie Saatchi&amp;Saatchi und M&amp;CSaatchi.</span></p>
</div>
<div dir="ltr">
<p><span class="font-134512">Er arbeitet hauptsächlich mit internationalen Marken auf dem Schweizer Markt und mit Schweizer Marken bei internationalen Kampagnen zusammen.</span></p>
<p><span class="font-134512"> </span></p>
</div>
<p>[/vc_column_text][/vc_column][vc_column width=&#8220;3/12&#8243;][vc_single_image media=&#8220;118462&#8243; media_width_percent=&#8220;100&#8243; uncode_shortcode_id=&#8220;192989&#8243;][/vc_column][/vc_row]</p>
</div>
